 - 3, 4*u - 3*g - 72 = -136. Determine l(u).
8
Let u(b) be the second derivative of b**5/10 - b**4/4 - 19*b - 21. Give u(-1).
-5
Let z be (-3 - 15/(-15))/(0 - 8/12). Let g(u) = 3*u**3 + 3*u**2 + 5*u + 3. Let w(n) = -7*n**3 - 6*n**2 - 11*n - 6. Let h(y) = 9*g(y) + 4*w(y). Calculate h(z).
6
Let c(m) be the first derivative of m**5/20 - m**4/3 - m**3/6 - 2*m**2 - 52*m + 3. Let l(n) be the first derivative of c(n). Give l(5).
16
Let h(g) = -9*g + 116. Let d(u) = -1. Let v(k) = -3*d(k) - h(k). Let t be v(13). Let b(m) = 5*m + 5. Calculate b(t).
25
Let y(k) = k**2 + 18*k + 81. Suppose 0 = 817*t - 821*t - 48. What is y(t)?
9
Let j(i) = 13*i**2 - 22*i + 93. Let g(x) = -16*x**2 + 21*x - 94. Let h(z) = 4*g(z) + 5*j(z). Give h(22).
1
Let m(j) = j**3 + j**2 - j + 27. Let x be (-12)/32 + 69/184. Determine m(x).
27
Let c be 8/(-36) - 0 - (-707)/63. Let u(l) = c + 3*l - 7*l + 2*l - 5. Calculate u(5).
-4
Let f(z) = -3*z**2 - 12*z + 6. Let x(o) = 5*o**2 + 18*o - 9. Let t be 0*(-3 + ((-15)/(-6))/1). Let m = -8 + t. Let c(g) = m*f(g) - 5*x(g). Determine c(4).
5
Let i(a) = 3*a**2 - a - 2. Suppose -5*j + 4*o + 45 = 0, 5*j - 3*o = -2*o + 30. Suppose 42 = -4*h - j*y + 5, -h + 4*y = -17. Give i(h).
28
Let r(f) = -3*f + 2. Let w(x) = -x**2 + 17*x + 36. Suppose 66 = -10*n + 256. Let v be w(n). What is r(v)?
8
Let p(y) = -5*y**2 - 3*y - 1. Suppose z - 4*v = 4*z + 8, 0 = 3*z + v - 7. Let f be z/18 - (-440)/(-198). Give p(f).
-15
Let t(c) be the third derivative of -29*c**4/12 - 173*c**3/6 + c**2 - 2204. Give t(-3).
1
Let z(o) = o**2 - 6*o - 4. Let j be z(7). Let u(s) = -s**3 - 5*s**2 - s + 6. Let x(m) = -m**3 - 8*m**2 + 8. Let t(w) = -4*u(w) + 3*x(w). Give t(j).
3
Let d(l) = -16*l - l**3 + 1019 - 1042 + 5*l - 11*l**2. What is d(-10)?
-13
Let s(o) = -3*o**2 - 13*o - 3. Suppose 440*l - 399*l + 369 = 0. Determine s(l).
-129
Let g(y) = -y**3 + 4*y**2 - 5*y + 3. Suppose -2*n + 2*m - 14 = -0*n, 0 = 2*n + 2*m + 22. Let w be -3*n/(-12)*80/(-12). Suppose -8*h + 17 = -w. Calculate g(h).
-17
Let m(o) = 131*o + 2354. Let z be m(-18). Let u(s) = -2*s + 0*s + 3*s. Give u(z).
-4
Let c(i) = -3*i + 14. Let o = -7685 - -7700. Determine c(o).
-31
Let b = -28 - -31. Let l(w) be the second derivative of -w**5/60 + w**4/6 + 3*w**3/2 - 4*w. Let y(r) be the second derivative of l(r). Determine y(b).
-2
Let g(p) = -p**2 - 15*p + 13. Suppose 134 + 155 = -31*a - 207. Calculate g(a).
-3
Suppose 3*x + 53 = -0*d + 5*d, 3*d = -4*x + 26. Let m(r) = 4 + 6*r - 8*r - d. Let t(z) = z**3 - 56*z**2 + 622*z - 113. Let n be t(15). Give m(n).
10
Let o(f) be the second derivative of f**3/2 - 49*f. Let n = -44 + 45. Let i be (115/(-35))/n - 2/(-7). What is o(i)?
-9
Suppose 2*y = 2*f + 3*y - 64, -5*f = 3*y - 162. Suppose -31*c = -f*c - 5. Suppose 0*d + 5*r - 8 = -d, -c*r = 5*d. Let b(z) = z + 1. Determine b(d).
-1
Let j = -311 + 316. Suppose -17 = v + j*p, -v + 4*p = 3 - 22. Let c(u) = 2*u + 3. What is c(v)?
9
Let g(k) = -5*k**2 + 6*k - 7. Let p(t) = -t**3 + 10*t**2 + 12*t - 22. Let i be p(11). Let l(c) = 9*c**2 - 11*c + 13. Let v(u) = i*g(u) - 6*l(u). What is v(3)?
8
Let z = 44 + -14. Let j(t) = -t**3 + 30*t**2 + 2*t - 65. Let y be j(z). Let u(q) be the second derivative of q**4/12 + 7*q**3/6 + 3*q**2/2 - q. Calculate u(y).
-7
Let c be 18/4*(-5772)/(-999). Let a(u) = u**2 - 19*u - 192. Determine a(c).
-10
Let h(j) = 25*j + 194. Let s be h(-7). Suppose -10 = 5*c, 0*d + d - 24 = 3*c. Suppose -d*o = -s*o - 5. Let b(a) = 5*a + 2. What is b(o)?
-23
Let n(f) = 7739*f - 3816*f + f**3 - 3930*f - 3 - 7*f**2 - 3. Suppose 3*g = -4*i + 47, 4*i - g = g + 22. Calculate n(i).
2
Let p(m) = -18*m**2 - 23*m + 90. Let a(j) = -10*j**2 - 12*j + 49. Let n(u) = 7*a(u) - 4*p(u). Calculate n(-6).
7
Let l = 0 - -4. Let a(f) be the first derivative of f**4/4 - 2*f**3/3 - 11*f**2/2 + 6*f - 4371. Give a(l).
-6
Let v = -28 - -26. Let j(s) be the third derivative of s**7/420 + s**5/2 + 7*s**2 + 3. Let y(g) be the third derivative of j(g). Determine y(v).
-24
Let r be (54/9 - 4)*1. Let m(h) = 5 + 33*h**r + 5*h + 41*h**2 - 72*h**2 + 2*h. Calculate m(-5).
20
Let x(t) be the second derivative of t**3/6 - 5*t**2/2 + 426*t. Let m = 17 + -10. Calculate x(m).
2
Let f(s) = 37*s + 45. Let m(x) = -21*x - 26. Let u(d) = -4*f(d) - 7*m(d). Let t(y) = -3*y - 1. Let o be t(-1). Determine u(o).
0
Let x be (-1 - (-3 - -4))*2. Let y be ((-2)/(16/(-12)))/(1/x). Let z(d) = -d**3 - 8*d**2 - 14*d - 13. Let s be z(y). Let f(g) = -5*g**2 - 1. Calculate f(s).
-6
Let w = -28036 - -84110/3. Let a(n) be the second derivative of 5*n**2 - 33*n - w*n**3 + 0. What is a(4)?
-6
Let m(v) be the second derivative of -v**4/6 + 16*v**3/3 - 19*v**2/2 - 8301*v. What is m(15)?
11
Let o = -47 - -52. Suppose -7*m = -5*s - 2*m + 70, 0 = -2*s - o*m + 21. Let x(t) = 2*t - 25. Let q be x(s). Let h(j) = -3*j + 1. Calculate h(q).
-2
Let a(c) = -58*c**2 + 10*c + 8. Let v(x) = -9*x**2 + 2*x + 1. Let z(i) = a(i) - 6*v(i). Let r = 1 + 1. What is z(r)?
-18
Let g(p) be the third derivative of p**7/1008 - p**6/720 - 7*p**5/12 - p**3/3 - 3*p**2 - 14*p. Let l(u) be the third derivative of g(u). Give l(-3).
-16
Let w(k) = k**3 - k + 4. Let h(o) = -5*o**3 - 3*o**2 + 2*o - 23. Let x(l) = -h(l) - 6*w(l). Let z be (-2)/4*((-20)/(-5) + 2). Calculate x(z).
41
Let p(n) = -n - 10. Let w(b) = b**2 - b. Let y(t) = 2*t**2 + 6*t + 7. Let q(z) = -3*w(z) + y(z). Let g be q(10). Let a be (g/(-9))/(2/(-42)). What is p(a)?
-3
Let d = -69 + 76. Let b(v) = -271*v + d - 274*v - 20 + 542*v. What is b(-9)?
14
Let j(o) = -15*o**3 + 1. Let w(y) = -86*y**3 + 3*y**2 + 2*y - 2. Let g be w(-1). Let d = g + -86. Calculate j(d).
16
Suppose -8*g + 5*s + 14 = -4*g, 4*g + s - 26 = 0. Let k(b) = b**3 - 5*b**2 - 9*b + 20. Determine k(g).
2
Suppose 39*t + 432 = 66*t. Let v(x) = -2*x + 15. What is v(t)?
-17
Let s(g) be the first derivative of 2*g**3/3 + 8*g**2 + 8*g - 13. Determine s(-7).
-6
Let g(y) be the second derivative of -y**5/20 - 2*y**4/3 + 11*y**3/6 - 19*y**2/2 - y - 1568. What is g(-9)?
-37
Let f(x) = -x**3 + 6*x**2 - 6*x + 1. Suppose -3*m - 48 = -6*m. Suppose -4*r + m = -0. Suppose 0 = -5*i + 6*w - 2*w + 21, -24 = -r*i - 4*w. Give f(i).
-4
Let c(z) = 46*z - 65. Let j(p) = -16*p + 23. Let m(t) = 4*c(t) + 11*j(t). Determine m(3).
17
Let i = 9 - 14. Let g(x) = -2*x**2 - 1. Let m(k) = -k**2 + 5*k. Let s(h) = 3*h**2 + 29*h + 4. Let b(d) = 6*m(d) - s(d). Let j(y) = i*g(y) + b(y). Give j(2).
7
Let x(y) = -5*y + 3. Let g = 41 - 29. Suppose -41*j = -35*j - g. Determine x(j).
-7
Suppose -6*m + 5*m + 6 = 0. Suppose -7*q = -23 + 9. Let v(c) = 4 + 5*c**q + 7*c + 0*c**3 - 7 - c**3. What is v(m)?
3
Let k(q) = 3*q + 3. Suppose 0 = 8*z - 2389 + 2301. Calculate k(z).
36
Let k be (-3 + 1 - -6) + 34. Suppose 2*f + x = 93, f - 5*x + 235 = 6*f. Let m = k - f. Let j(q) = q**2 + 10*q + 6. What is j(m)?
-10
Let d(f) = f - 4. Suppose 0 = -0*x + 2*x - 6. Let j = 2181 + -2177. Suppose 2*y - 8 = x*h - 20, -2*h = -j*y - 8. What is d(y)?
-4
Let b(o) be the third derivative of -o**6/120 - o**5/20 + 11*o**4/24 + 7*o**3/2 + 5*o**2 - 87. What is b(-5)?
16
Let q = 51 + 582. Let s(m) = 1 - 3*m**3 + 4*m**3 - 213*m - 211*m + q*m - 215*m. Give s(-3).
-8
Let d be 27/(-6)*2/(-3). Suppose -21*s + d*s = 54. Let j(y) be the second derivative of y**4/12 + y**3/6 + y**2 - 6*y. Give j(s).
8
Let x(n) = 7*n**3 + 3*n**2 - 6. Let l(t) = -5*t**3 - 4*t**2 + 7. Let s(f) = 4*l(f) + 3*x(f). Determine s(7).
10
Let s = -17 + -25. Let c = -44 - s. Let t be -4 - (c/(-12) + 475/(-114)). Let z(g) = -g - 4. Determine z(t).
-4
Let g be 9 + -23 + -6 + 17. Let p(h) = 2*h**3 + 8*h**2 + 7*h + 5. Give p(g).
2
Let m(s) = 121 - 211 + 127 + 2*s + 7*s + 13*s. Calculate m(-2).
-7
Suppose -3*o + 72 = 3*t, 0 = -2*t + 2*o + 18 + 10. Suppose -t*g + 14*g - 20 = 0. Let c(d) = -d**2 - 3*d + 2. What is c(g)?
-2
Let x be (-2)/(-10) + (-42)/10. Let r(g) be the third derivative of -1/8*g**4 + 0 + 0*g**3 - 21*g**2 - 1/60*g**5 + 0*g. Calculate r(x).
-4
Suppose 5*n = 4 + 16. Suppose 0 = -n*k - 20, -1 = 4*r + 2*k + 1. Let i be (6 - 9)/((-3)/r). Let y(w) = -w**3 + 4*w**2 - 4*w + 3. Determine y(i).
3
Let p(l) = -2*l**3 + 7*l**2 - 15*l + 30. Suppose -111 + 576 = 155*q. What is p(q)?
-6
Let c(v) = -27*v + 14. Let d(l) = l**2 - 101*l + 57. Let i(n) = -9*c(n) + 2*d(n). Calculate i(-19).
-69
Let n(s) = -s**2 + 8 - 15